 remainder when 31771 is divided by 201?
13
What is the remainder when 3442 is divided by 106?
50
What is the remainder when 320041 is divided by 106680?
1
What is the remainder when 1011014 is divided by 8?
6
What is the remainder when 649 is divided by 502?
147
What is the remainder when 13841 is divided by 6862?
117
Calculate the remainder when 57445 is divided by 203.
199
Calculate the remainder when 9780 is divided by 337.
7
Calculate the remainder when 1525 is divided by 5.
0
Calculate the remainder when 133631 is divided by 2727.
8
Calculate the remainder when 17521 is divided by 254.
249
What is the remainder when 48861 is divided by 4439?
32
Calculate the remainder when 11981 is divided by 146.
9
Calculate the remainder when 94516 is divided by 167.
161
Calculate the remainder when 953 is divided by 945.
8
What is the remainder when 27240 is divided by 185?
45
Calculate the remainder when 33771 is divided by 256.
235
What is the remainder when 5580 is divided by 241?
37
What is the remainder when 7962 is divided by 79?
62
What is the remainder when 89878 is divided by 290?
268
Calculate the remainder when 22202 is divided by 19.
10
What is the remainder when 10991 is divided by 336?
239
What is the remainder when 5154 is divided by 2464?
226
Calculate the remainder when 6027 is divided by 274.
273
Calculate the remainder when 41228 is divided by 194.
100
What is the remainder when 54784 is divided by 5469?
94
Calculate the remainder when 4042 is divided by 176.
170
Calculate the remainder when 3069 is divided by 93.
0
Calculate the remainder when 1124609 is divided by 570.
569
Calculate the remainder when 6664 is divided by 1312.
104
Calculate the remainder when 320 is divided by 74.
24
What is the remainder when 336286 is divided by 372?
370
What is the remainder when 1862 is divided by 347?
127
Calculate the remainder when 55784 is divided by 393.
371
Calculate the remainder when 481 is divided by 24.
1
Calculate the remainder when 1119997 is divided by 43076.
21
Calculate the remainder when 178556 is divided by 159.
158
What is the remainder when 103639 is divided by 1264?
1255
What is the remainder when 23043 is divided by 576?
3
Calculate the remainder when 145465 is divided by 1061.
108
Calculate the remainder when 7688 is divided by 2512.
152
Calculate the remainder when 38363 is divided by 203.
199
Calculate the remainder when 4317 is divided by 108.
105
What is the remainder when 47879 is divided by 168?
167
What is the remainder when 65682 is divided by 21?
15
What is the remainder when 201842 is divided by 332?
318
Calculate the remainder when 62878 is divided by 211.
0
What is the remainder when 7989 is divided by 27?
24
Calculate the remainder when 85050 is divided by 503.
43
What is the remainder when 7187 is divided by 333?
194
Calculate the remainder when 193158 is divided by 419.
418
Calculate the remainder when 18674 is divided by 185.
174
What is the remainder when 341310 is divided by 1610?
1600
What is the remainder when 97998 is divided by 98?
96
Calculate the remainder when 558 is divided by 4.
2
What is the remainder when 520 is divided by 316?
204
Calculate the remainder when 2069 is divided by 1471.
598
What is the remainder when 29779 is divided by 2450?
379
Calculate the remainder when 8093 is divided by 1011.
5
Calculate the remainder when 4444 is divided by 1472.
28
What is the remainder when 530725 is divided by 11?
8
Calculate the remainder when 3510 is divided by 422.
134
Calculate the remainder when 401701 is divided by 7.
6
Calculate the remainder when 21038 is divided by 157.
0
Calculate the remainder when 6277 is divided by 50.
27
What is the remainder when 2497 is divided by 1001?
495
Calculate the remainder when 7323 is divided by 1194.
159
Calculate the remainder when 11587 is divided by 122.
119
What is the remainder when 2007 is divided by 1439?
568
Calculate the remainder when 2684 is divided by 445.
14
Calculate the remainder when 7721 is divided by 7664.
57
Calculate the remainder when 133641 is divided by 81.
72
Calculate the remainder when 318 is divided by 38.
14
Calculate the remainder when 114179 is divided by 114162.
17
What is the remainder when 1296 is divided by 4?
0
Calculate the remainder when 5279593 is divided by 15.
13
Calculate the remainder when 9328 is divided by 29.
19
What is the remainder when 53004 is divided by 756?
84
What is the remainder when 152576 is divided by 110?
6
What is the remainder when 75128 is divided by 470?
398
Calculate the remainder when 31684 is divided by 813.
790
Calculate the remainder when 6278 is divided by 1046.
2
What is the remainder when 54475 is divided by 6049?
34
What is the remainder when 197789 is divided by 694?
693
What is the remainder when 537 is divided by 68?
61
What is the remainder when 2017 is divided by 194?
77
Calculate the remainder when 8053 is divided by 1996.
69
Calculate the remainder when 125932 is divided by 89.
86
What is the remainder when 60905 is divided by 27?
20
Calculate the remainder when 488356 is divided by 234.
232
What is the remainder when 2228 is divided by 56?
44
What is the remainder when 1002 is divided by 343?
316
Calculate the remainder when 2231 is divided by 1682.
549
What is the remainder when 49536 is divided by 267?
141
Calculate the remainder when 86886 is divided by 109.
13
Calculate the remainder when 33088 is divided by 11027.
7
Calculate the remainder when 18778 is divided by 350.
228
Calculate the remainder when 176556 is divided by 17653.
26
What is the remainder when 621898 is divided by 50?
48
Calculate the remainder when 4991 is divided by 64.
63
What is the remainder when 89166 is divided by 568?
558
Calculate the remainder when 615262 is divided by 884.
882
Calculate the remainder when 1819 is divided by 28.
27
Calculate the remainder when 29474 is divided by 2725.
2224
What is the remainder when 1601 is divided by 231?
215
Calculate the remainder when 60767 is divided by 295.
292
Calculate the remainder when 6120 is divided by 1208.
80
What is the remainder when 1618845 is divided by 102?
3
What is the remainder when 5841 is divided by 32?
17
Calculate the remainder when 165412 is divided by 116.
112
What is the remainder when 3231071 is divided by 11?
8
Calculate the remainder when 191174 is divided by 19.
15
Calculate the remainder when 259355 is divided by 259347.
8
What is the remainder when 395467 is divided by 59?
49
Calculate the remainder when 2805 is divided by 564.
549
Calculate the remainder when 108473 is divided by 80.
73
Calculate the remainder when 118205 is divided by 9.
8
Calculate the remainder when 6038 is divided by 138.
104
Calculate the remainder when 2103 is divided by 95.
13
What is the remainder when 4871 is divided by 347?
13
What is the remainder when 8426 is divided by 40?
26
Calculate the remainder when 5204 is divided by 753.
686
Calculate the remainder when 5763785 is divided by 73.
70
What is the remainder when 25796 is divided by 65?
56
Calculate the remainder when 19056 is divided by 19054.
2
Calculate the remainder when 9398 is divided by 146.
54
Calculate the remainder when 10340 is divided by 539.
99
What is the remainder when 30125 is divided by 25?
0
What is the remainder when 875 is divided by 79?
6
Calculate the remainder when 35716 is divided by 108.
76
Calculate the remainder when 898145 is divided by 57.
53
What is the remainder when 27162 is divided by 134?
94
What is the remainder when 15724 is divided by 873?
10
What is the remainder when 12155 is divided by 792?
275
Calculate the remainder when 151727 is divided by 50566.
29
Calculate the remainder when 2685 is divided by 250.
185
Calculate the remainder when 85975 is divided by 717.
652
What is the remainder when 3482 is divided by 212?
90
Calculate the remainder when 46362 is divided by 307.
5
What is the remainder when 3331134 is divided by 139?
138
Calculate the remainder when 18467 is divided by 47.
43
What is the remainder when 45485 is divided by 57?
56
What is the remainder when 374798 is divided by 80?
78
What is the remainder when 2308 is divided by 762?
22
Calculate the remainder when 25983 is divided by 42.
27
Calculate the remainder when 811 is divided by 422.
389
Wh